709. Determine u(-701).
9
Let o(r) = -1862*r - 113547. Determine o(-61).
35
Let d(w) = -6*w**2 - 3790*w - 53207. Determine d(-14).
-1323
Let p(z) = 3367*z + 306271. Determine p(-91).
-126
Let i(w) = 132*w - 22652. What is i(172)?
52
Let l(u) = -3*u**2 + 1911*u + 37389. Determine l(-19).
-3
Let d(j) = 18*j + 238. What is d(-34)?
-374
Let x(f) = 45756*f - 320232. Determine x(7).
60
Let i(z) = -70*z - 3866. Calculate i(-55).
-16
Let h(q) = -q**3 + 4*q**2 + 108*q - 632. Calculate h(8).
-24
Let j(t) = -7*t**2 + 257*t - 1726. What is j(7)?
-270
Let d(s) = 5*s**3 - 209*s - 1040. Determine d(-5).
-620
Let c(d) = 3*d**3 - 12*d**2 + 1679*d - 11628. Give c(7).
566
Let d(l) = 33389*l - 968227. Calculate d(29).
54
Let b(p) = 70*p**2 - 1920*p + 2608. Give b(26).
8
Let v(w) = -51*w**3 - 6*w**2 - 26*w - 1. Determine v(-3).
1400
Let k(r) = r**2 - 166*r - 26638. Calculate k(268).
698
Let o(k) = k**2 - 81021*k - 405141. What is o(-5)?
-11
Let k(n) = 28*n**2 + 444*n + 358. What is k(-15)?
-2
Let m(r) = -2*r**2 + 378048*r + 1890290. Calculate m(-5).
0
Let a(v) = v**2 - 1630*v + 228637. What is a(155)?
12
Let q(m) = -11*m**3 - 17*m**2 + 39*m - 1. Calculate q(-3).
26
Let x(o) = 24*o**2 + 646*o + 3354. Determine x(-7).
8
Let r(k) = 2*k**2 + 268*k + 3788. What is r(-118)?
12
Let n(u) = -3*u**3 - 40*u**2 - 17*u - 10. Give n(-11).
-670
Let h(i) = -i**2 + 53*i + 14298. What is h(-85)?
2568
Let w(h) = h**2 + 3991*h - 309142. Give w(76).
-50
Let i(b) = -2694*b + 29635. Determine i(11).
1
Let c(p) = 5*p**2 + 5115*p - 111895. What is c(22)?
3055
Let o(c) = -17464*c + 52355. What is o(3)?
-37
Let a(l) = 737*l + 2746. Determine a(-4).
-202
Let g(s) = -2*s**2 - 1410*s - 20987. Give g(-15).
-287
Let b(s) = 5*s**3 + 329*s**2 + 4147*s - 21. Determine b(-17).
-4
Let i(q) = -10551*q + 42193. What is i(4)?
-11
Let s(m) = -m**2 - 41*m - 147. Calculate s(-16).
253
Let q(s) = -4*s**3 - 14*s**2 + 194*s + 416. Give q(-2).
4
Let y(u) = 1948010*u - 1948011. Determine y(1).
-1
Let n(y) = y**2 + 97*y + 2369. Give n(-52).
29
Let m(a) = -a**3 - 72*a**2 - 832*a - 33305. Give m(-67).
-6
Let q(p) = 4280*p + 12840. What is q(-3)?
0
Let x(u) = 231*u - 8054. What is x(36)?
262
Let b(c) = 1548*c + 7823. Give b(-5).
83
Let y(r) = -20899*r - 3072133. What is y(-147)?
20
Let u(f) = 7*f**2 + 6224*f - 56586. Determine u(9).
-3
Let b(s) = -22*s**2 - 2233*s - 53113. Determine b(-38).
-27
Let z(n) = -n**2 - 80817*n + 1050813. Calculate z(13).
23
Let w(b) = -70983*b + 212962. Determine w(3).
13
Let r(n) = -21*n**2 - 711*n - 1417. Calculate r(-2).
-79
Let c(o) = 2*o**3 - 14*o**2 - 119*o + 129. Determine c(12).
141
Let u(x) = -7*x**3 + 113*x**2 - 252*x + 3780. What is u(16)?
4
Let y(w) = 3*w**2 - 135*w + 1449. Give y(29).
57
Let k(b) = 174*b**3 - 2606*b**2 - 52*b - 126. Determine k(15).
-6
Let q(n) = 205*n**2 - 14*n - 21. Determine q(0).
-21
Let p(g) = -g**3 - 107*g**2 - 250*g - 4261. Calculate p(-105).
-61
Let f(j) = -24*j**3 - 2454*j**2 + 1854*j + 1. Calculate f(-103).
1
Let f(n) = -37*n - 3725. Calculate f(-100).
-25
Let w(m) = -6653*m - 977997. Determine w(-147).
-6
Let j(n) = 739692*n + 739697. Give j(-1).
5
Let j(i) = i**2 - 35*i - 152. Give j(-5).
48
Let h(u) = u**2 + 6974*u + 243033. Determine h(-35).
168
Let o(w) = -w**3 + 2*w**2 + 99*w - 299. What is o(10)?
-109
Let d(p) = -148*p**2 - 7429*p - 1509. Give d(-50).
-59
Let y(m) = 515*m - 141617. Determine y(275).
8
Let g(k) = -k**3 - 21*k**2 + 15*k + 626. Determine g(-20).
-74
Let y(z) = 2*z**2 + 28201*z + 112782. Determine y(-4).
10
Let k(p) = -2*p**2 - 3617*p + 91662. Determine k(25).
-13
Let i(z) = -17*z**2 + 1575*z + 40. Calculate i(93).
-518
Let v(c) = -6626*c + 2451622. Calculate v(370).
2
Let x(l) = -2672*l**2 - 77486*l + 56. Calculate x(-29).
-2
Let x(c) = -36*c**2 - 1213*c - 20. Give x(0).
-20
Let i(n) = -n**2 + 160*n - 5273. Calculate i(50).
227
Let w(a) = 2*a**3 - 12*a**2 + 32*a - 240. Determine w(7).
82
Let j(n) = 102*n + 25037. Calculate j(-247).
-157
Let h(z) = -750*z + 48746. Calculate h(65).
-4
Let n(r) = 2*r**2 + 211*r + 4047. Calculate n(-25).
22
Let m(w) = -3*w**3 + 96*w**2 - 93*w + 75. Calculate m(31).
75
Let y(c) = 232*c**2 - 2316*c - 22. Give y(10).
18
Let k(p) = 209*p - 34980. Determine k(157).
-2167
Let a(j) = j**2 - 69*j + 632. Give a(61).
144
Let b(t) = t**3 - 252*t**2 - 180*t + 45312. What is b(252)?
-48
Let x(q) = 166*q**2 - 68223*q - 1236. Give x(411).
-3
Let p(c) = -7899*c - 79022. Give p(-10).
-32
Let w(h) = h**2 + 7546*h + 203016. Give w(-27).
3
Let p(b) = -10696*b - 4321226. What is p(-404)?
-42
Let s(w) = 12*w**2 - 472*w + 1230. What is s(37)?
194
Let f(k) = -2*k**3 - 103*k**2 - 514*k + 124. Determine f(-46).
492
Let v(h) = -9254*h + 18697. Determine v(2).
189
Let j(h) = 11*h**2 - 1533*h + 4504. What is j(3)?
4
Let t(r) = -6*r**3 - 17*r**2 - 1724*r - 3443. What is t(-2)?
-15
Let l(y) = -y**2 + 45497*y - 409404. Calculate l(9).
-12
Let o(n) = -n**2 + 34*n + 1422. Calculate o(-24).
30
Let u(z) = -z**3 + 16*z**2 - 5*z + 169. Calculate u(17).
-205
Let y(z) = 3*z**3 + 164*z**2 - 213*z - 119. What is y(-56)?
-735
Let p(x) = 39*x**2 + 6258*x + 2897. Calculate p(-160).
17
Let t(z) = -6465*z - 16. Calculate t(0).
-16
Let o(z) = 3*z**3 - 15*z**2 - 5*z - 106. Give o(8).
430
Let h(j) = j**3 - 401*j**2 + 1360*j - 384007. Give h(400).
-7
Let f(k) = k**2 + 194*k + 7555. Determine f(-99).
-1850
Let h(d) = 12066*d + 374064. Determine h(-31).
18
Let m(y) = y**3 - 151*y**2 - 182*y + 27475. What is m(151)?
-7
Let s(k) = -10953*k + 98568. Determine s(9).
-9
Let j(g) = -6*g**3 - 30*g + 457. What is j(5)?
-443
Let d(a) = -20*a**3 - 5*a**2 + 53*a + 219. Determine d(-4).
1207
Let t(n) = -46197*n**2 - 415762*n - 4. Give t(-9).
-103
Let w(s) = -s**3 + 15*s**2 + 89*s - 1402. Give w(14).
40
Let q(d) = -d**3 + 9*d**2 - 1664*d + 13243. Give q(8).
-5
Let b(i) = i**2 + 1065*i + 33538. Calculate b(-33).
-518
Let l(m) = 7*m**2 - 2008*m + 9863. Determine l(5).
-2
Let o(m) = 2*m**2 + 240*m + 3013. What is o(-99)?
-1145
Let h(x) = 2789*x - 105990. Determine h(38).
-8
Let l(y) = y**3 - 187*y**2 - 198*y + 1799. Give l(188).
-81
Let n(d) = 59*d**2 + 1143*d + 405. Calculate n(-19).
-13
Let a(z) = 2*z**2 + 176*z - 153. Give a(-88).
-153
Let d(k) = -105*k**2 + 27*k + 2. Determine d(2).
-364
Let g(p) = 2*p**3 + 118*p**2 - 124*p + 15331. Calculate g(-62).
-45
Let u(t) = 527*t**2 + 561829*t + 50097. Determine u(-1066).
-5
Let g(b) = -90*b**2 - 1090*b + 40044. Calculate g(-28).
4
Let o(d) = 41*d**3 - 2*d**2 + 1535*d + 1538. What is o(-1)?
-40
Let w(v) = -9*v**2 + 3069*v - 18108. What is w(6)?
-18
Let q(k) = -21*k**3 + 26*k**2 + 14*k + 26. Give q(2).
-10
Let g(d) = d**3 - 49*d**2 - 110*d + 3030. Determine g(50).
30
Let l(x) = -14210*x - 200415. Determine l(-14).
-1475
Let h(n) = n**3 - 75*n**2 - 68*n - 516. Calculate h(76).
92
Let u(j) = 655*j + 9806. Calculate u(-15).
-19
Let y(v) = v**3 + 354*v**2 + 735*v + 11123. What is y(-352)?
211
Let p(o) = -o**3 + 50*o**2 + 3373*o + 8808. Determine p(89).
86
Let z(t) = -889*t - 32687. What is z(-37)?
206
Let g(l) = -6*l**2 + 164*l - 2184. Calculate g(14).
-1064
Let n(y) = -64687*y - 258748. Determine n(-4).
0
Let f(t) = t**3 + 157*t**2 + 161*t + 1658. What is f(-156)?
878
Let s(g) = -11*g**3 + 2572*g**2 + 216*g + 58971. What is s(234)?
3
Let v(s) = 4*s**3 + 49*s**2 - 50*s - 225. What is v(-13)?
-82
Let y(h) = 23*h**2 - 138*h + 716. Determine y(5).
601
Let r(y) = y**3 - 8*y**2 - 465*y + 3262. Determine r(7).
-42
Let j(b) = 15*b**2 + 97*b + 741. What is j(-10)?
1271
Let m(g) = -g**3 + 14*g**2 + 3*g + 98. Determine m(15).
-82
Let l(h) = -1305*h + 39134. Calculate l(30).
-16
Let v(j) = -j**3 - 36*j**2 - 206*j - 430. What is v(-31)?
1151
Let j(u) = -38*u**2 - 1075*u + 331. Determine j(-29).
-452
Let y(a) = -a**3 + 44*a**2 - 140*a + 8459. What is y(45)?
134
Let d(r) = 11*r**2 + 2*r - 239. Calculate d(5).
46
Let f(u) = -2*u**3 - 15*u**2 + 77*u + 581. Give f(-7).
-7
Let x(s) = -1373*s - 160634. Calculate x(-117).
7
Let z(v) = 104*v**2 - 1536*v - 19. Give z(0).
-19
Let l(j) = 1916*j + 38287. What is l(-20)?
-33
Let z(p) = -1403470*p + 44911040. Calculate z(32).
0
Let b(h) = h**2 + 5144*h + 10307. What is b(-2)?
23
Let s(i) = -1522*i + 19491. Calculate s(13).
-295
Let a(l) = -5*l**3 + 298*l**2 - 191*l + 215. What is a(59)?
-611
Let o